s 356488333 composite?
True
Is 4882229039 a composite number?
False
Is 859865150011 prime?
False
Is 2832383053 a prime number?
True
Is 2916179113 a prime number?
False
Is 759282439 a prime number?
False
Is 17907714427 prime?
True
Is 443773607 a composite number?
False
Is 2482603439 a prime number?
True
Is 1347523189 a prime number?
True
Is 18846766001 a prime number?
False
Is 2027899457 a prime number?
True
Is 422811863 a composite number?
True
Is 27471376619 a prime number?
False
Is 107756029 composite?
True
Is 7977453413 a prime number?
False
Is 419463691 composite?
True
Is 283643881 prime?
True
Is 572631187 a composite number?
True
Is 7136031977 prime?
True
Is 9104915557 composite?
False
Is 13786425901 a composite number?
True
Is 1088600081 composite?
True
Is 2340380239 composite?
False
Is 92756023519 composite?
True
Is 23956671847 prime?
False
Is 2439083767 a prime number?
False
Is 64710284269 prime?
True
Is 12670389049 prime?
True
Is 1981812439 prime?
True
Is 1075600153 prime?
False
Is 16183050761 a composite number?
True
Is 1497438893 a prime number?
True
Is 34669804333 a composite number?
True
Is 26119617499 prime?
False
Is 124056132973 a composite number?
True
Is 74446091 prime?
True
Is 1523087837 composite?
True
Is 47160397015 prime?
False
Is 110681965481 prime?
True
Is 556068971 prime?
True
Is 57676390969 a composite number?
False
Is 301385897 a prime number?
False
Is 4099651345 a composite number?
True
Is 115342981 a prime number?
False
Is 24761174027 a prime number?
False
Is 355884071 composite?
False
Is 118098096433 prime?
False
Is 58272007 composite?
False
Is 2473386917 composite?
True
Is 589869221 a prime number?
False
Is 770850077 a prime number?
False
Is 1342360973 a prime number?
False
Is 566277643 a prime number?
True
Is 14320807351 composite?
False
Is 6608297021 a composite number?
False
Is 585112357 a prime number?
False
Is 61621276979 a prime number?
False
Is 5976540539 prime?
False
Is 1467952351 a prime number?
False
Is 12678553609 composite?
False
Is 24594547031 prime?
False
Is 11272317503 composite?
True
Is 61128447157 composite?
False
Is 45511316957 a prime number?
True
Is 239159567893 a prime number?
True
Is 6130768037 prime?
False
Is 34689052513 a composite number?
False
Is 688771103 a composite number?
False
Is 217956323 composite?
True
Is 64253569013 composite?
True
Is 21490369553 prime?
True
Is 1156606727 a prime number?
False
Is 297150991 a composite number?
False
Is 9800125249 a prime number?
False
Is 978842297 composite?
False
Is 222074273 composite?
True
Is 2333238277 a composite number?
True
Is 6847303891 prime?
True
Is 1306986049 prime?
False
Is 22553500247 a composite number?
True
Is 995967722 a prime number?
False
Is 13389679661 a composite number?
True
Is 399697549 a prime number?
False
Is 16553512237 prime?
True
Is 1767079751 a composite number?
True
Is 71671015043 composite?
False
Is 43295685683 prime?
False
Is 4750378697 a prime number?
False
Is 8515496087 a composite number?
True
Is 3954698653 a composite number?
True
Is 4639382849 composite?
False
Is 16328784041 composite?
False
Is 432518843 a prime number?
True
Is 22819153765 composite?
True
Is 4406625551 prime?
True
Is 17003386105 a prime number?
False
Is 1408125553 composite?
False
Is 1310059559 a prime number?
False
Is 228421327 prime?
True
Is 6905740767 composite?
True
Is 250006781 prime?
True
Is 477725251 a composite number?
True
Is 17851838327 a prime number?
False
Is 1176377326 a composite number?
True
Is 28325422 composite?
True
Is 48293537561 prime?
True
Is 245621 a composite number?
False
Is 14210945267 composite?
True
Is 4839458786 prime?
False
Is 5411867407 composite?
True
Is 288380594471 a composite number?
False
Is 236266467005 composite?
True
Is 111445993 a composite number?
False
Is 330393163 composite?
False
Is 4656767237 composite?
False
Is 7609409319 prime?
False
Is 85348683341 a prime number?
True
Is 1169104277 prime?
False
Is 5872252447 composite?
False
Is 9184323241 composite?
True
Is 335189746 prime?
False
Is 1242147223 a prime number?
False
Is 708125651 composite?
False
Is 59459819 composite?
False
Is 23618479279 a composite number?
False
Is 31263929503 composite?
False
Is 561705257 composite?
False
Is 10068182857 composite?
False
Is 1024295249 a composite number?
True
Is 154395677 a composite number?
True
Is 13229707 a prime number?
True
Is 4274287417 composite?
False
Is 339739459 a composite number?
True
Is 67209005363 a composite number?
False
Is 21052206635 composite?
True
Is 696697721 prime?
True
Is 61442621 a prime number?
True
Is 28690489 a prime number?
False
Is 6768706223 composite?
False
Is 28567341851 a composite number?
False
Is 957778166 prime?
False
Is 47898425921 composite?
True
Is 125946881 prime?
True
Is 502370959 a prime number?
False
Is 8089149709 composite?
True
Is 90822715793 composite?
True
Is 8870703379 composite?
True
Is 964360543 a prime number?
True
Is 183175659221 a prime number?
False
Is 4349972831 a prime number?
True
Is 3455697569 a prime number?
True
Is 150025763 prime?
False
Is 626628371 a prime number?
False
Is 3312543587 a prime number?
True
Is 2615315099 prime?
False
Is 10588684979 prime?
False
Is 2437489963 prime?
False
Is 737952119 a prime number?
True
Is 10413393857 composite?
False
Is 16833475057 composite?
True
Is 29530842161 prime?
True
Is 3671092553 prime?
False
Is 342220705 a prime number?
False
Is 56221350413 a composite number?
True
Is 9598047079 prime?
False
Is 86623552121 prime?
True
Is 13044130423 prime?
False
Is 224064223 a prime number?
False
Is 16677101351 a composite number?
True
Is 949299331 composite?
False
Is 248839297363 a prime number?
True
Is 6579707957 prime?
False
Is 995502497 a composite number?
True
Is 19184675917 a prime number?
False
Is 4294526437 composite?
False
Is 5058706137 a prime number?
False
Is 38632923661 a composite number?
True
Is 13481430553 a composite number?
False
Is 665115331 a composite number?
False
Is 5119770797 a composite number?
True
Is 23640891451 a composite number?
False
Is 54145963309 prime?
True
Is 24340076773 a composite number?
False
Is 1683925169 a prime number?
False
Is 1521577997 prime?
False
Is 21784203397 composite?
True
Is 3112676797 prime?
True
Is 534255803 a prime number?
False
Is 147430907843 a prime number?
True
Is 53864918189 a composite number?
True
Is 3776517277 a prime number?
False
Is 50158562261 composite?
True
Is 1240741283 a composite number?
False
Is 344033771 prime?
True
Is 6513666589 a composite number?
False
Is 2401276366 a prime number?
False
Is 1225991303 prime?
True
Is 471821131 composite?
True
Is 1154403337 a composite number?
False
Is 34636673297 a composite number?
True
Is 86591591 prime?
False
Is 21409598381 a composite number?
False
Is 663280087 composite?
True
Is 1836627613 prime?
True
Is 17358137 a composite number?
False
Is 3025226587 prime?
True
Is 86221307 prime?
True
Is 37217669 prime?
True
Is 122547673 prime?
True
Is 236191157 a prime number?
True
Is 378478673 composite?
True
Is 15869815967 prime?
True
Is 55021425383 prime?
True
Is 26837542021 composite?
True
Is 14334009029 a prime number?
True
Is 2515298691 a composite number?
True
Is 1069111933 prime?
False
Is 4573068989 a prime number?
True
Is 15061045277 composite?
True
Is 107936903 composite?
False
Is 831648991 a prime number?
True
Is 13799323361 composite?
True
Is 2017591781 a prime number?
True
Is 36841946417 composite?
False
Is 6186931607 a prime number?
False
Is 3028300283 a prime number?
False
Is 19290174749 a composite number?
True
Is 1578974021 a prime number?
True
Is 72963534773 a composite number?
True
Is 1752052723 composite?
True
Is 15293774973 prime?
False
Is 516481513 a composite number?
False
Is 1076146009 prime?
True
Is 564183833 prime?
True
Is 3021591631 a composite number?
True
Is 3419115979 a composite number?
True
Is 29098944667 a composite number?
True
Is 14445684107 a composite number?
True
Is 1003103891 prime?
True
Is 1932815279 a composite number?
True
Is 95156359723 a prime number?
False
Is 12004593457 composite?
False
Is 2088720421 a composite number?
True
Is 29376155729 prime?
True
Is 76300923241 a composite number?
True
Is 4146661 a composite number?
False
Is 3763838567 a prime number?
True
Is 38978072137 a com